at is the greatest common divisor of 177 and 1357?
59
What is the highest common factor of 121 and 33?
11
What is the greatest common factor of 168 and 819?
21
Calculate the highest common factor of 115 and 205.
5
What is the greatest common factor of 48 and 752?
16
What is the highest common factor of 39 and 11505?
39
What is the highest common divisor of 10706 and 53?
53
What is the greatest common divisor of 1353 and 33?
33
What is the highest common divisor of 341 and 1085?
31
What is the greatest common factor of 1292 and 204?
68
Calculate the greatest common divisor of 54 and 396.
18
Calculate the highest common factor of 2 and 13.
1
Calculate the highest common divisor of 78 and 507.
39
Calculate the greatest common divisor of 40 and 56.
8
Calculate the highest common factor of 1207 and 68.
17
What is the highest common factor of 341 and 31?
31
Calculate the greatest common divisor of 182 and 156.
26
What is the greatest common factor of 4 and 44?
4
What is the greatest common factor of 690 and 120?
30
Calculate the greatest common divisor of 329 and 376.
47
Calculate the greatest common divisor of 1212 and 24.
12
Calculate the highest common divisor of 12 and 12912.
12
What is the highest common divisor of 26356 and 11?
11
Calculate the greatest common factor of 2268 and 7.
7
What is the greatest common factor of 19 and 5?
1
What is the greatest common factor of 78 and 17498?
26
Calculate the greatest common factor of 15399 and 203.
29
What is the highest common factor of 79 and 87?
1
What is the greatest common factor of 178 and 17889?
89
What is the greatest common factor of 795 and 15?
15
What is the highest common factor of 38 and 1216?
38
What is the greatest common factor of 10858 and 712?
178
What is the greatest common factor of 54 and 57780?
54
Calculate the greatest common divisor of 17 and 527.
17
What is the highest common factor of 102 and 306?
102
What is the highest common divisor of 20 and 80?
20
What is the greatest common divisor of 704 and 640?
64
Calculate the highest common factor of 2413 and 127.
127
What is the greatest common factor of 3757 and 68?
17
What is the highest common factor of 15 and 735?
15
What is the greatest common divisor of 632 and 16?
8
What is the highest common divisor of 1358 and 56?
14
Calculate the greatest common divisor of 20 and 130.
10
Calculate the highest common divisor of 1040 and 650.
130
What is the greatest common factor of 119 and 28?
7
Calculate the greatest common factor of 507 and 351.
39
Calculate the highest common factor of 572 and 650.
26
What is the greatest common divisor of 1472 and 704?
64
Calculate the greatest common factor of 4131 and 171.
9
What is the highest common divisor of 152 and 14402?
38
What is the greatest common factor of 21 and 518?
7
What is the highest common divisor of 1716 and 39?
39
Calculate the highest common factor of 36 and 90.
18
Calculate the highest common factor of 236 and 52.
4
Calculate the greatest common divisor of 82 and 3485.
41
Calculate the greatest common divisor of 13 and 13.
13
Calculate the greatest common divisor of 32 and 112.
16
Calculate the highest common divisor of 266 and 38.
38
What is the highest common factor of 6 and 159?
3
What is the greatest common factor of 546 and 14?
14
What is the highest common factor of 207 and 115?
23
Calculate the highest common divisor of 54 and 150.
6
What is the greatest common divisor of 1632 and 4692?
204
What is the greatest common factor of 57 and 152?
19
Calculate the highest common factor of 49 and 49.
49
What is the highest common divisor of 8625 and 75?
75
Calculate the highest common divisor of 48 and 4848.
48
Calculate the greatest common factor of 600 and 440.
40
Calculate the highest common factor of 9408 and 12.
12
Calculate the greatest common divisor of 36 and 180.
36
Calculate the greatest common factor of 364 and 104.
52
What is the greatest common factor of 3245 and 55?
55
Calculate the highest common divisor of 17479 and 77.
77
What is the greatest common factor of 144 and 9?
9
Calculate the highest common divisor of 36 and 801.
9
What is the greatest common divisor of 48 and 4776?
24
Calculate the greatest common divisor of 23 and 1472.
23
Calculate the greatest common divisor of 250 and 40.
10
What is the greatest common factor of 33816 and 8?
8
Calculate the greatest common divisor of 14365 and 170.
85
Calculate the greatest common factor of 18 and 450.
18
Calculate the highest common factor of 36 and 668.
4
What is the greatest common factor of 252 and 1148?
28
Calculate the highest common factor of 1105 and 455.
65
What is the highest common divisor of 41 and 5125?
41
Calculate the highest common factor of 530 and 20.
10
Calculate the highest common factor of 17 and 799.
17
Calculate the highest common divisor of 11499 and 6.
3
What is the greatest common divisor of 660 and 80?
20
Calculate the greatest common divisor of 736 and 322.
46
Calculate the greatest common divisor of 235 and 10.
5
Calculate the greatest common divisor of 319 and 539.
11
Calculate the highest common factor of 4269 and 12.
3
Calculate the greatest common divisor of 30 and 534.
6
Calculate the greatest common factor of 5 and 3305.
5
What is the highest common factor of 19278 and 36?
18
Calculate the greatest common divisor of 814 and 370.
74
Calculate the greatest common factor of 348 and 8874.
174
Calculate the greatest common factor of 4 and 92.
4
What is the greatest common divisor of 40 and 32?
8
Calculate the highest common divisor of 72 and 24.
24
Calculate the greatest common factor of 238 and 170.
34
What is the highest common divisor of 2436 and 336?
84
Calculate the highest common divisor of 34 and 442.
34
Calculate the greatest common divisor of 4 and 316.
4
Calculate the greatest common divisor of 52 and 351.
13
Calculate the greatest common divisor of 100 and 340.
20
Calculate the greatest common factor of 56 and 42.
14
What is the highest common divisor of 455 and 195?
65
Calculate the greatest common divisor of 1000 and 1160.
40
Calculate the highest common factor of 5 and 81.
1
Calculate the greatest common factor of 17082 and 292.
146
Calculate the greatest common divisor of 721 and 7.
7
Calculate the highest common factor of 3 and 441.
3
Calculate the greatest common factor of 412 and 4.
4
What is the highest common divisor of 221 and 182?
13
What is the highest common divisor of 170 and 68?
34
What is the highest common divisor of 57 and 627?
57
What is the greatest common factor of 17 and 4?
1
Calculate the highest common divisor of 12449 and 59.
59
What is the highest common factor of 73 and 5?
1
Calculate the greatest common divisor of 651 and 147.
21
What is the highest common factor of 15142 and 452?
226
What is the greatest common factor of 140 and 1575?
35
What is the greatest common factor of 4 and 10?
2
What is the greatest common factor of 182 and 13?
13
What is the greatest common factor of 37 and 35779?
37
Calculate the greatest common divisor of 21 and 224.
7
Calculate the greatest common divisor of 224 and 24.
8
What is the highest common factor of 144 and 3528?
72
Calculate the greatest common divisor of 160 and 128.
32
Calculate the greatest common factor of 66 and 15279.
33
What is the greatest common factor of 23 and 1?
1
What is the highest common divisor of 3610 and 10?
10
What is the greatest common divisor of 123 and 6?
3
Calculate the highest common factor of 1599 and 6.
3
Calculate the highest common divisor of 36 and 7164.
36
Calculate the greatest common divisor of 59 and 59.
59
Calculate the highest common factor of 10644 and 12.
12
What is the greatest common divisor of 204 and 12?
12
Calculate the greatest common factor of 29293 and 33.
11
What is the greatest common divisor of 151 and 27029?
151
Calculate the greatest common factor of 15 and 20.
5
Calculate the highest common factor of 164 and 264.
4
What is the highest common factor of 4 and 4?
4
Calculate the highest common factor of 46 and 161.
23
What is the highest common divisor of 28 and 14434?
14
Calculate the greatest common divisor of 925 and 25.
25
What is the highest common factor of 180 and 50?
10
Calculate the greatest common divisor of 22 and 583.
11
Calculate the greates